osite?
False
Is 3787 a prime number?
False
Is 1231805 prime?
False
Is 659695 prime?
False
Is 66319 composite?
True
Is 156535 composite?
True
Is 4189 prime?
False
Is 271849 composite?
False
Is 1909 composite?
True
Is 13441 prime?
True
Is 29905 prime?
False
Is 504971 a composite number?
True
Is 31397 composite?
False
Is 26777 a prime number?
True
Is 158551 a prime number?
True
Is 7807 a composite number?
True
Is 10801 a composite number?
True
Is 25078 composite?
True
Is 10135 a composite number?
True
Is 7801 a prime number?
False
Is 15529 a composite number?
True
Is 122677 a composite number?
True
Is 42277 composite?
True
Is 49978 a composite number?
True
Is 1743257 composite?
True
Is 113639 a composite number?
True
Is 206777 prime?
False
Is 1627309 composite?
False
Is 667 prime?
False
Is 1847 a prime number?
True
Is 408451 a prime number?
False
Is 63377 a composite number?
False
Is 12071 composite?
False
Is 27677 a prime number?
False
Is 2123263 a composite number?
False
Is 406703 a composite number?
True
Is 27595 a composite number?
True
Is 118163 composite?
False
Is 182173 composite?
True
Is 139571 composite?
False
Is 5167 composite?
False
Is 37763 prime?
False
Is 20467 composite?
True
Is 5669 a composite number?
False
Is 6371 a composite number?
True
Is 8923 prime?
True
Is 5033 a prime number?
False
Is 15439 composite?
False
Is 63949 a prime number?
True
Is 35971 prime?
False
Is 66919 a prime number?
True
Is 364263 composite?
True
Is 56569 prime?
True
Is 2599 prime?
False
Is 79583 a composite number?
True
Is 180629 prime?
True
Is 1781 prime?
False
Is 3777 a composite number?
True
Is 42923 a prime number?
True
Is 2503 composite?
False
Is 19187 prime?
False
Is 45383 a prime number?
False
Is 16754 prime?
False
Is 5303 prime?
True
Is 3191 a composite number?
False
Is 14257 composite?
True
Is 537 a prime number?
False
Is 1065147 composite?
True
Is 686861 composite?
True
Is 14131 prime?
False
Is 12347 prime?
True
Is 4117 composite?
True
Is 23183 a prime number?
False
Is 18451 prime?
True
Is 1253 composite?
True
Is 34973 composite?
True
Is 3032963 prime?
True
Is 47113 prime?
False
Is 55882 a prime number?
False
Is 3979 composite?
True
Is 532417 a composite number?
False
Is 61781 prime?
True
Is 11303 composite?
True
Is 124481 a prime number?
False
Is 20323 a composite number?
False
Is 88411 composite?
False
Is 91631 prime?
True
Is 34009 composite?
True
Is 13367 a composite number?
False
Is 20477 composite?
False
Is 37685 composite?
True
Is 15439 a prime number?
True
Is 534241 composite?
False
Is 39253 prime?
False
Is 1187771 prime?
False
Is 1112231 a composite number?
True
Is 2323 a composite number?
True
Is 57503 composite?
False
Is 28949 prime?
True
Is 51166 composite?
True
Is 13173 composite?
True
Is 566911 composite?
False
Is 22577 composite?
True
Is 37798 a composite number?
True
Is 63113 a composite number?
False
Is 69109 prime?
True
Is 219517 prime?
True
Is 414867 composite?
True
Is 269513 prime?
True
Is 80141 prime?
True
Is 282641 a prime number?
False
Is 222107 a prime number?
True
Is 2878 composite?
True
Is 127459 a composite number?
True
Is 160271 prime?
False
Is 29905 a prime number?
False
Is 28921 a prime number?
True
Is 27533 prime?
False
Is 37 prime?
True
Is 1118735 a prime number?
False
Is 4440841 a prime number?
True
Is 7419 composite?
True
Is 2237 composite?
False
Is 182141 composite?
False
Is 713021 prime?
True
Is 5981 prime?
True
Is 492013 composite?
False
Is 207923 a prime number?
True
Is 57029 a composite number?
True
Is 6733 a composite number?
False
Is 10523 a composite number?
True
Is 1383 a prime number?
False
Is 2573923 composite?
True
Is 17693 a prime number?
False
Is 16163 a prime number?
False
Is 17519 composite?
False
Is 134867 prime?
True
Is 128479 a composite number?
True
Is 297227 prime?
False
Is 44953 prime?
True
Is 1973 prime?
True
Is 121787 composite?
False
Is 1001869 a composite number?
True
Is 23221 a prime number?
False
Is 15971 composite?
False
Is 4943 a composite number?
False
Is 13909 a prime number?
False
Is 79757 prime?
True
Is 270059 prime?
True
Is 50261 composite?
False
Is 13093 a composite number?
False
Is 90353 prime?
True
Is 15127 a composite number?
True
Is 178939 composite?
False
Is 400621 a composite number?
True
Is 401321 a composite number?
False
Is 752005 prime?
False
Is 90353 a prime number?
True
Is 16843 prime?
True
Is 21701 composite?
False
Is 1032814 composite?
True
Is 10679 composite?
True
Is 66407 composite?
True
Is 123169 composite?
False
Is 131671 a composite number?
False
Is 18337 prime?
False
Is 24659 a prime number?
True
Is 444621 a composite number?
True
Is 4757 a composite number?
True
Is 25793 a prime number?
True
Is 132151 a prime number?
True
Is 649 composite?
True
Is 99401 a composite number?
False
Is 158161 a composite number?
False
Is 869 a prime number?
False
Is 41551 a prime number?
False
Is 35039 a prime number?
False
Is 11699 composite?
False
Is 2887 prime?
True
Is 499 prime?
True
Is 180469 composite?
True
Is 571 a composite number?
False
Is 20431 a composite number?
False
Is 84055 prime?
False
Is 2774791 composite?
True
Is 94895 a prime number?
False
Is 943403 composite?
False
Is 224255 a composite number?
True
Is 1477661 prime?
True
Is 493541 prime?
True
Is 60563 a composite number?
True
Is 4399 prime?
False
Is 180437 composite?
False
Is 104033 a prime number?
True
Is 22417 a prime number?
False
Is 1149503 a prime number?
True
Is 146347 a prime number?
True
Is 30505 composite?
True
Is 1087 prime?
True
Is 2273209 a composite number?
False
Is 7807 a composite number?
True
Is 272017 a prime number?
False
Is 1041207 a prime number?
False
Is 19561 composite?
True
Is 354418 prime?
False
Is 1259 a prime number?
True
Is 951529 a prime number?
False
Is 24351 prime?
False
Is 8813 a composite number?
True
Is 6557 a composite number?
True
Is 7909 a composite number?
True
Is 7393 composite?
False
Is 31379 a prime number?
True
Is 36845 prime?
False
Is 412289 prime?
True
Is 50791 composite?
True
Is 261071 prime?
True
Is 2437 a composite number?
False
Is 402691 composite?
False
Is 85685 a composite number?
True
Is 211549 prime?
False
Is 26237 a prime number?
True
Is 179 a composite number?
False
Is 262459 prime?
True
Is 133141 composite?
True
Is 3833 a composite number?
False
Is 33791 prime?
True
Is 45547 a composite number?
True
Is 721729 a composite number?
True
Is 779 prime?
False
Is 26597 prime?
True
Is 19531 composite?
False
Is 135131 a composite number?
False
Is 33481 prime?
False
Is 8287 composite?
False
Is 1679189 a prime number?
True
Is 17623 a prime number?
True
Is 1087 a prime number?
True
Is 368717 composite?
False
Is 4889 a prime number?
True
Is 328511 a composite number?
False
Is 908617 a composite number?
False
Is 13894 a prime number?
False
Is 46829 a composite number?
False
Is 37 composite?
False
Is 27449 prime?
True
Is 168449 composite?
False
Is 3841063 prime?
True
Is 1014557 a prime number?
True
Is 125399 a prime number?
True
Is 208037 prime?
True
Is 2437 prime?
True
Is 33665 a prime number?
False
Is 372059 a composite number?
False
Is 71401 prime?
False
Is 808517 prime?
True
Is 817457 a composite number?
False
Is 7130883 a prime number?
False
Is 63413 prime?
False
Is 31769 prime?
True
Is 1298533 a composite number?
True
Is 12715 composite?
True
Is 166541 a prime number?
True
Is 152717 a composite number?
False
Is 109465 prime?
False
Is 7451 composite?
False
Is 394963 a composite number?
False
Is 259631 a composite number?
False
Is 18899 composite?
False
Is 52243 a prime number?
False
Is 493993 composite?
False
Is 44867 a prime number?
True
Is 250417 a prime number?
False
Is 158947 prime?
False
Is 119447 a prime number?
True
Is 44071 prime?
True
Is 12603 prime?
False
Is 43954 composite?
True
Is 145393 prime?
False
Is 4121 a composite number?
True
Is 2174 a composite number?
True
Is 30265 prime?
False
Is 475346 composite?
True
Is 23117 a composite number?
False
Is 31817 prime?
True
Is 98179 a composite number?
False
Is 27523 a composite number?
True
Is 1471937 a prime number?
True
Is 104879 prime?
True
Is 299315 a prime number?
False
Is 431141 a composite number?
False
Is 12941 a composite number?
False
Is 1991 composite?
True
Is 79621 composite?
False
Is 39499 a